8*n + 6. Calculate the remainder when l(r) is divided by 5.
3
Suppose 11 = -2*v + 45. Suppose -3*d - 51 = -q, 2*d - 7*d = 5*q - 155. Suppose 8*w = 4*w + q. Calculate the remainder when v is divided by w.
8
Suppose 0 = -5*o + 9 + 1. What is the remainder when 6 is divided by o?
0
Let v be (-2 - -1)/(1/(-31)). Suppose v + 181 = 4*a. What is the remainder when a is divided by 18?
17
Suppose 4*y + 0*i + i = 40, -5*y + 50 = -i. Calculate the remainder when (96/y)/(18/60) is divided by 12.
8
What is the remainder when 10 is divided by -3 - 18*4/(-6)?
1
Suppose 0 = 4*a - 3*k + 15, -2*a - 1 - 2 = 3*k. What is the remainder when (-3 + 132)/3 - a is divided by 16?
14
Suppose -5*y = -j + 19 + 62, 5*j - 3*y = 471. What is the remainder when j is divided by 33?
30
Let a(z) = -z + z - 2*z. Calculate the remainder when 14 is divided by a(-4).
6
Suppose -v - 4*v + a + 22 = 0, -4*a = 4*v - 32. Suppose 6*t = 3*t + 9. Calculate the remainder when v is divided by t.
2
Let r be (-7)/(-2)*144/84. Suppose 0 = -8*s + 5*s + r. Calculate the remainder when 7 is divided by s.
1
Suppose 7*b = 13*b - 300. Calculate the remainder when b is divided by 13.
11
Suppose 3*b = -4*q - 53, -b = -q - 4*q - 52. Let i = q - -31. Calculate the remainder when 38 is divided by i.
18
What is the remainder when 4277/49 - 1/(14/4) is divided by 23?
18
Suppose 5*u = 2*y + 106, 8*y = 5*u + 3*y - 100. Calculate the remainder when 129 is divided by u.
19
Let y(k) = -52*k + 2. Calculate the remainder when y(-1) is divided by 16.
6
Let s(j) = -j**3 + 11*j**2 + 9*j + 52. Suppose x + 147 = 6*x - 4*b, 0 = -4*x - b + 105. Calculate the remainder when x is divided by s(12).
11
Suppose 3*a = -2*a. Suppose 5*w + 195 = 5*d, -3*d + a*w = 2*w - 112. Calculate the remainder when d is divided by 13.
12
Let a = 21 + -6. Calculate the remainder when 58 is divided by a.
13
Suppose 2*g + 4 = 3*y - 3*g, y - 2 = g. What is the remainder when (1 - y)*(-3)/6 is divided by 1?
0
Let i = 109 + -82. Calculate the remainder when 77 is divided by i.
23
Suppose 2*b + 3*h = 4*b - 14, 30 = 2*b + h. Calculate the remainder when 39 + 15/(-3) - -2 is divided by b.
10
Suppose 0*y = 3*y - 12. Let t = 1 + 8. What is the remainder when t is divided by y?
1
Let a(w) = 2*w - 8. Let j be a(6). Suppose -j*q + 35 = -61. Calculate the remainder when q is divided by 9.
6
Let d(j) = -j**2 - 7*j - 1. Let m be d(-6). Let g = -13 + 15. Suppose g*w - m*w = -126. What is the remainder when w is divided by 22?
20
Let k(z) = -33*z**3 + 2*z**2 + z - 1. What is the remainder when 129 is divided by k(-1)?
30
What is the remainder when 30 is divided by 10 - 6 - (-6 - -3)?
2
Let a = 3 + -7. Let b = 12 - a. Suppose 27 = y + 2*n - 18, 0 = 3*n + 3. What is the remainder when y is divided by b?
15
Suppose 5*q - 3*b - 91 = 0, -2*b = -2*q + q + 14. Calculate the remainder when 58 is divided by q.
18
Let q(s) = 6*s**2 - 1. Let n be q(1). Suppose 5 = -n*b - 5. Let k(d) = -2*d**3 - d**2 - 4*d - 3. Calculate the remainder when k(b) is divided by 9.
8
Suppose -4 = 4*p - 0. Suppose b - z = 5, b + 2*z - 23 = -3*z. Calculate the remainder when b is divided by p*(1 + -1*4).
2
Suppose 22 = -9*o + 481. What is the remainder when o is divided by 18?
15
Let b(c) = c**3 + c**2 - 5*c. Let q be b(4). Let x = 84 - q. What is the remainder when x is divided by 13?
11
Let r(q) = -2*q**2 + 4*q + q**2 + 4*q + 0*q. Calculate the remainder when r(7) is divided by 4.
3
Suppose -3*s - 89 = -143. What is the remainder when 20 is divided by s?
2
Let m = -9 - -12. Calculate the remainder when 4 is divided by m.
1
Let s(l) = l**3 + 4*l**2 - 5*l + 2. Let i be s(-5). Let q(d) = d**3 + 3. Calculate the remainder when q(0) is divided by (-7 + i)*2/(-5).
1
Let h(w) = -w**2 - 9*w + 2. Calculate the remainder when h(-5) is divided by (-37)/(-3) + (-3)/9.
10
Let x(i) = -3*i**2 + 2*i + 79. What is the remainder when x(0) is divided by 40?
39
Suppose 2*u - 169 + 57 = 0. Suppose -u = j - 5*j. Suppose -50 = -3*i - j. What is the remainder when 23 is divided by i?
11
Suppose 0 = 4*n - c - 36, -2*c + 45 = 8*n - 3*n. Suppose n = 2*l - 13. Calculate the remainder when 52 is divided by l.
8
Suppose -3*r + 4*r - 47 = 0. Suppose 197 - r = 3*i. What is the remainder when i is divided by 17?
16
Let h = 65 + -45. Suppose 5*l - 3*l - 14 = 0. Calculate the remainder when h is divided by l.
6
Suppose 4*u - 95 = 3*l, -4*u + 2*l + 90 = -0*l. What is the remainder when 76 is divided by u?
16
Let x = -54 - -75. Calculate the remainder when x is divided by 12.
9
Let m = 20 + 10. Calculate the remainder when 118 is divided by m.
28
Suppose 0*z - 6*z = -318. Calculate the remainder when z is divided by 14.
11
Suppose 5*h + 3*i - 73 = 0, -64 = -5*h - i + 17. What is the remainder when 50 is divided by h?
16
Suppose 5*u + 4 = h, 4*h + 6*u + 32 = 2*u. Let c(j) = -j. Let d be c(h). Let x = -4 + d. Calculate the remainder when x is divided by 1.
0
Suppose 7*d = 9*d - 40. Let h = 39 - d. Calculate the remainder when 37 is divided by h.
18
Let i(q) be the second derivative of q**5/2 + q. Suppose 0*p = -4*p + 116. What is the remainder when p is divided by i(1)?
9
Suppose -3*f + 41 = -10. Calculate the remainder when (108/(-135))/((-4)/130) is divided by (f/4 - 2)*4.
8
What is the remainder when -10 - -57 - 4*1 is divided by 12?
7
Let a = 34 + -24. Suppose 0*u + 49 = 2*u + 5*s, 0 = 4*u + 4*s - 128. Calculate the remainder when u is divided by a.
7
Let w be (0/(-1)*1)/(-2). Suppose w = -p + 4*p - 51. What is the remainder when p is divided by 9?
8
Let s(i) = -3*i**3 - 2*i**2 - 3*i - 12. Let d(q) = -4*q**3 - 3*q**2 - 4*q - 12. Let b(r) = 2*d(r) - 3*s(r). Calculate the remainder when 35 is divided by b(0).
11
Let y(u) = 14*u**2 - u + 1. What is the remainder when 41 is divided by y(1)?
13
Suppose 5*i + r = -223, i = 4*r - 50 - 3. What is the remainder when (-3)/(0 + 3)*i is divided by 12?
9
Suppose 5*l + 67 = 4*r - 19, r = -4*l - 73. Let w = l + 9. What is the remainder when (-2)/w + 356/18 is divided by 11?
9
Suppose -3*r + a = -169, 5*a = -0*r - r + 35. Let h be -99*((-2)/(-3))/(-1). Let b = h - 47. What is the remainder when r is divided by b?
17
What is the remainder when 5*-1*(5 + 135/(-25)) is divided by 1?
0
What is the remainder when (1*2)/(22/55) is divided by 3?
2
Suppose -5*z + 40 = -40. Calculate the remainder when 109 is divided by z.
13
Let a = 7 + -4. Suppose 0 = -a*o + 132 - 45. What is the remainder when o is divided by 16?
13
Let s = 269 + -126. Calculate the remainder when s is divided by 36.
35
Suppose -2 - 3 = -5*q. Let s(d) = 15*d**2 - 2*d. What is the remainder when 37 is divided by s(q)?
11
Let d(g) = 32*g + 1. Let w(h) = -h**3 + 3*h**2 + 4*h - 4. Let c be w(3). Suppose -3*y + c*y = 60. What is the remainder when d(1) is divided by y?
9
Suppose 2*i - 9 = -i, 5*i = -3*a + 21. Suppose -24 + a = -2*g. Calculate the remainder when 32 is divided by g.
10
Let y = -10 - -21. Let z = y + 1. What is the remainder when 45 is divided by z?
9
Let h be 22 + -2 + (2 - 4). Suppose h - 3 = a. What is the remainder when 29 is divided by a?
14
Let d = 106 + -45. What is the remainder when d is divided by 21?
19
Calculate the remainder when 4 is divided by -4*9/(-15) + (-4)/10.
0
Suppose -9*f + 46 + 17 = 0. What is the remainder when 12 is divided by f?
5
Let i be (-78)/(-8) + 2/8. Suppose -5*f = -i*f + 70. Calculate the remainder when f is divided by 5.
4
Suppose -5*z + 0*m + 489 = 2*m, z + 4*m - 87 = 0. What is the remainder when z is divided by 25?
24
Suppose 111 = 3*m - v + 5*v, 5*m - v - 208 = 0. What is the remainder when 120 is divided by m?
38
Let h = -15 + 27. Suppose 0 = 3*d + h - 174. What is the remainder when d is divided by 14?
12
Suppose -6 = 4*o - 3*o. Let x(n) = -2*n - 8. Let p be x(o). Suppose -4*q + 68 = -2*j, -2*q = -p*q + 5*j + 26. Calculate the remainder when 35 is divided by q.
17
Suppose 3*n + 1 = 31. What is the remainder when 17 is divided by n?
7
Let s(n) = 2 + n**2 + 2*n + 0*n - 2. Calculate the remainder when s(-5) is divided by 8.
7
What is the remainder when 28 is divided by (-1 - 11/(-5))*5?
4
Let b = -11 + 24. What is the remainder when 36 is divided by b?
10
Suppose 4*h - 8*h + 104 = 0. What is the remainder when 51 is divided by h?
25
Let l(t) = t**3 + 4*t**2 + 3*t + 2. Let k be l(-